igit of p?
1
Let c be 4/(-2) + (-1 - 1). Let h(b) = 4*b**3 + 30*b**2 - 6*b. Let r(t) = 2*t**3 + 16*t**2 - 3*t. Let u(v) = -6*h(v) + 11*r(v). What is the units digit of u(c)?
2
Suppose 36*p = 32*p - n + 4802, -p + 1194 = -3*n. What is the tens digit of p?
0
Suppose -3*f + 5 - 3 = -4*v, 5*v + 18 = -4*f. Let k be (v/(-4))/(5/900). Suppose -k = -2*s - 3*x, 5*x - 60 - 34 = -2*s. What is the tens digit of s?
4
Let v = -14 + 37. Suppose v + 26 = l. What is the tens digit of l?
4
Suppose l - 26*l + 3175 = 0. What is the hundreds digit of l?
1
Let k = 7 + -4. Let b be (0 - -111)/3 + k. Suppose -3*d + 217 - b = 0. What is the tens digit of d?
5
What is the hundreds digit of (-2)/5*25*(-2078)/10?
0
Let g(q) = -90*q - 8. What is the tens digit of g(-22)?
7
Let v(x) = -4*x + 376. What is the tens digit of v(0)?
7
Let h(o) = -9*o**2 - o + 5. Let g(r) = -37*r**2 - 4*r + 19. Let y(m) = 2*g(m) - 9*h(m). What is the units digit of y(3)?
9
Let g be (6/(-63)*-3)/(8/21448). Suppose -546 = -16*w + g. What is the tens digit of w?
8
Let o(l) = 533*l**2 - 21*l + 40. What is the tens digit of o(2)?
3
Let q = 3058 + -1734. What is the units digit of q?
4
Let r(h) = h**3 - 13*h**2 - 14*h + 7. Let a be r(14). Let n = -5 + a. What is the tens digit of (-50)/(-4) - 1/n?
1
Let m = 1695 + -730. What is the hundreds digit of m?
9
Let p = 1377 + -861. What is the tens digit of p?
1
Suppose 3*i = 4*n + 780, n + 516 = 2*i - 3*n. What is the tens digit of i?
6
Let k(m) = 72*m**2 + 20*m - 241. What is the tens digit of k(7)?
2
Let d = 1475 - 886. What is the tens digit of d?
8
Suppose 20 = -5*z, 5*g - 4 = -2*z + 8. Suppose 5*r + g*x - 2 = 0, 4*r + 7 + 7 = 2*x. What is the tens digit of (r + 88 - -2)/2?
4
Let s(d) = d**2 + 2*d + 1. Let b(h) = 7*h + 2 + h - 7*h - 3. Let t(g) = -3*b(g) - s(g). What is the units digit of t(-5)?
2
Let z be ((-1)/2)/(46/736). Let w(j) = j**2 - 4*j + 1. Let c be w(5). Let q = c - z. What is the units digit of q?
4
Suppose -5*p - 1250 = -5*k, -5*k + 4*p - 1205 = -10*k. What is the tens digit of k?
4
Suppose 3*i - 42 = 12. Suppose 4*v + i = a - 102, 4*a = 3*v + 506. What is the hundreds digit of a?
1
Suppose -608 = -9*f - 185. Suppose -f = a - 245. What is the units digit of a?
8
Let s = -40 + 25. What is the units digit of s/(-4) + (-3)/4?
3
Suppose 14*z - 12502 = 5222. What is the tens digit of z?
6
Suppose -5*i + i = 40. Let o be (5/i)/((-1)/2). Suppose -3*j + 2*j + o = -3*m, 4*m + 18 = 3*j. What is the units digit of j?
0
Let v = 39 + -36. Let t(d) = 6*d**2 - 3. What is the tens digit of t(v)?
5
Suppose 6 = 3*s - 6. Suppose 0 = -4*k - 2*y + 208, y - 3*y = -s*k + 192. What is the tens digit of k?
5
Let h(g) = 698*g**2 + 5*g + 7. What is the tens digit of h(-2)?
8
Let k(o) be the third derivative of 3*o**2 + 0*o + 0 - 1/12*o**4 + 2/3*o**3. What is the tens digit of k(-7)?
1
Let n(r) = -3*r + 6. Let o be n(4). Let c = o - -10. Suppose -4*f + 0*b + b = -32, -c*f - 2*b = -20. What is the units digit of f?
7
Let q(i) = 31*i**2 - 72*i + 684. What is the tens digit of q(10)?
6
Let w(d) = 12 - d - 27 + 2*d**2 + 18. What is the tens digit of w(-5)?
5
Suppose 0 = -11*i + 9*i + 22. What is the tens digit of i?
1
Let b be (-22)/(-4) - 4/8. Suppose -4*k + 3 - 7 = 0, -b*p + k = -101. Suppose -c - 4*c = -p. What is the units digit of c?
4
Suppose -3*h = 33 - 6. Let p(v) = -6 - 2*v + 12 - 3 + 5. What is the tens digit of p(h)?
2
What is the tens digit of (143/143)/(1/(-1 - -572))?
7
Let u be 3*(-6)/9 + 4. Let y(o) = 5*o - 17. Let t be y(4). Suppose t*w = u*w + 42. What is the units digit of w?
2
Let s = 303 - -2054. What is the units digit of s?
7
Let y(a) = -13*a + 158. What is the units digit of y(0)?
8
Let p be 10/(-35)*(-77 - 0). Suppose -5*x - p = -5*i + 13, -4*i = 3*x - 14. What is the units digit of (x/3)/((-2)/210)?
0
Let o = 43 - -92. What is the hundreds digit of o?
1
Let r = 1341 + -216. What is the hundreds digit of r?
1
Suppose z + w = 1435, 5*w = 3*z - 3155 - 1158. What is the tens digit of z?
3
Suppose 0 = 3*i - 2*d - 89, 0*d = i - 2*d - 27. Suppose -3*y - 3*l - 4 + i = 0, 4*y - 6 = 2*l. What is the units digit of y?
4
Let n(b) be the first derivative of b**2/2 + 36*b - 12. What is the units digit of n(11)?
7
Let a be (-22)/(-121) + 2834/22. Suppose -a = -5*u + 66. What is the units digit of u?
9
Let s = -19 - -63. Suppose -4 = -4*q + m, -q + 3*m = 3*q - 12. What is the units digit of s/((q + 4)/2)?
2
Let s(h) = 2*h**3 - 4*h**2 + 6*h - 10. Let b be s(3). Suppose -b + 256 = i + 4*k, -887 = -4*i - 5*k. What is the tens digit of i?
1
Suppose -34*j = -2657 - 1049. What is the tens digit of j?
0
Suppose -5*d - 5*r = -5, -4*r - r - 31 = -4*d. Suppose -d*x - 5*b = 69, -2*x - 3*b - 6 = 31. Let n = x - -26. What is the tens digit of n?
1
Let d(t) = -t**2 + 13*t - 18. Let p be d(12). What is the tens digit of (p - 39)*4/(-10)?
1
What is the tens digit of ((-126)/(-189))/((-3)/(-19026))?
2
What is the tens digit of (-1)/((-2)/(-231)*(-18)/264)?
9
Suppose -7 = -x + 3. Let h(z) = 2*z - 15. Let m be h(x). Suppose -m*o + 166 = 6. What is the units digit of o?
2
Let o = 34 - 26. Suppose -4*f - 420 = -o*f - 4*y, -3*f + 4*y + 315 = 0. What is the units digit of f?
5
Let f = 1 - -2. Suppose 0 = p - 3*v - 2*v - 14, -f*p - 5*v = -82. Suppose 0*j = 4*j - p. What is the units digit of j?
6
Let h be -3 - (4 - 1)*-1. Suppose -3*c + h*c = -18. What is the units digit of (22/c)/((-1)/(-3))?
1
Suppose -3*b + 48 = 3*a, -5*b + 15 = -5*a - 35. Let p = 133 + -92. Suppose p + b = t. What is the units digit of t?
4
Suppose -4*s + 4*f = 2*f - 3366, 0 = 2*f - 6. Suppose s = 7*p - 830. Suppose 0 = -m - 2*m + 5*g + p, 0 = 3*m - 2*g - 236. What is the units digit of m?
8
Let b(c) be the first derivative of c**4/4 - c**2/2 + 4*c - 5. Let m be b(0). What is the units digit of m/(16/12) + 4?
7
Suppose -4*u = -0*u - 112. Suppose -6*b = -u + 10. What is the units digit of (10/b)/((-5)/(-45))?
0
Suppose 6*r - 16*r = -16720. What is the tens digit of r?
7
Let p be -2*(-3 + 1) - (0 + 3). What is the units digit of -4*p - (10 - 21)?
7
Let s(l) = -l + 0*l + 0*l + 6 - 10*l**2 - 7. Let u be s(-1). What is the units digit of (-4)/(-12)*u*-3?
0
Let g(r) = 17*r**2 - 88*r + 20. What is the hundreds digit of g(14)?
1
Let h(n) = 91*n**2 - 29*n - 216. What is the thousands digit of h(-7)?
4
Let y(l) = -2*l - 42. Let w be y(-23). Suppose w*h = -2*r + 248, r - 5*h + 121 = 2*r. What is the units digit of r?
6
Let g be 2 - (-894)/2*8/(-24). Let r = -40 - g. What is the hundreds digit of r?
1
Suppose 230*g - 231*g + 1666 = 0. What is the units digit of g?
6
Let d = 377 + 84. What is the tens digit of d?
6
Let r(s) = -198*s + 251. What is the tens digit of r(-10)?
3
Suppose 10 = 5*i - 5. Suppose j = -f - 5, -2*f - i*j + 4*j = 25. What is the tens digit of (-96)/f + 4/10?
1
Suppose c - 14*w - 663 = -11*w, 5*c - 3*w = 3267. What is the hundreds digit of c?
6
Let f(t) = -12*t + 197. What is the hundreds digit of f(-45)?
7
Let x be 506 - 1/(-3)*3. Suppose 0 = y + 12*y - x. What is the tens digit of y?
3
Suppose -4*x + v + 365 = 0, 4*v - 391 - 81 = -5*x. Let s = x + -14. Suppose 0 = 4*q - 38 - s. What is the units digit of q?
9
Let k = -6 - -7. Let n(q) = 10*q**2 - 1. Let h be n(k). What is the units digit of (0 - -1) + 0/h?
1
Suppose 0 = 2*d + 2, -6 = -5*b - 4*d + 140. Suppose 0 = -8*y + 3*y + 30. Suppose 0 = l - y - b. What is the tens digit of l?
3
Suppose 5*d + 2*t - 3815 = 0, -3*d - 9*t + 12*t + 2310 = 0. What is the hundreds digit of d?
7
Let w be (-2 + 0)*(2 + -4). Suppose 9 = -h + w*h. What is the units digit of (h - 3/2)*2?
3
What is the hundreds digit of 42/147 + 9264/14?
6
Let n = -2060 - -3010. What is the hundreds digit of n?
9
Suppose -100 = -2*n - 4*o, 4*n + o = 4*o + 167. Let u be (-4)/(-3) - n/33. Suppose u = 2*p - 36 - 94. What is the tens digit of p?
6
Let r(m) = 23*m + 0 - 15 + 0 + 0. What is the tens digit of r(7)?
4
Let i be 2/2*(3 - -2). Suppose 0*d - d - g - 39 = 0, i*d + 186 = 4*g. Let y = d + 61. What is the tens digit of y?
2
Suppose -3*a + 2 + 1 = 0. Let x = -10 - -14. What is the units digit of (x/5)/(a/20)?
6
Let u = -1 - 4. Let i(t) = -3*t**2 - 9. Let l(z) = -5*z**2 - 14. Let v(d) = u*l(d) + 8*i(d). What is the tens digit of v(6)?
3
Let f = 70 - -508. Suppose -f = -7*k + 843. What is the